ommon divisor of 31695 and 8445?
15
What is the highest common divisor of 1345469 and 58139?
47
What is the greatest common factor of 118969 and 627907?
271
What is the highest common divisor of 5381814 and 2?
2
Calculate the highest common factor of 9736877 and 86.
43
Calculate the highest common divisor of 141908 and 52.
52
Calculate the greatest common factor of 45725912 and 304.
8
What is the highest common factor of 9687 and 13907303?
3229
What is the highest common divisor of 2626 and 335114?
26
Calculate the greatest common divisor of 30376695 and 3895.
205
Calculate the greatest common factor of 139 and 101613587.
139
Calculate the highest common factor of 84 and 36392244.
84
Calculate the greatest common factor of 4499708 and 2919.
139
What is the greatest common divisor of 3200 and 3296050?
50
Calculate the greatest common factor of 8072036 and 56.
28
What is the highest common divisor of 514635 and 175505?
55
Calculate the highest common divisor of 11151 and 93387.
21
Calculate the greatest common divisor of 163400 and 8535560.
760
What is the highest common factor of 15724410 and 325?
65
Calculate the greatest common divisor of 8947513 and 5052.
421
What is the greatest common factor of 17296 and 45066608?
752
What is the highest common divisor of 150694448 and 16?
16
Calculate the highest common factor of 2756 and 1420082.
106
Calculate the highest common divisor of 387942 and 274044.
246
What is the greatest common divisor of 31484 and 1132?
4
Calculate the greatest common divisor of 1422 and 1788039.
9
What is the highest common factor of 1338 and 11860478?
446
Calculate the greatest common factor of 1830 and 112501690.
610
What is the highest common divisor of 3089 and 82488656?
3089
What is the highest common divisor of 665 and 18924703?
133
What is the highest common factor of 4374304 and 18232?
344
Calculate the highest common divisor of 3750 and 8577450.
150
Calculate the highest common divisor of 11590 and 419042245.
5795
What is the greatest common divisor of 7348890 and 33930?
870
What is the greatest common divisor of 19 and 1864494301?
19
Calculate the greatest common divisor of 11132 and 13444.
4
What is the greatest common factor of 3212642 and 1?
1
What is the highest common divisor of 18105195 and 6555?
285
Calculate the highest common factor of 40128 and 370975.
209
What is the highest common factor of 95299 and 3070813?
607
Calculate the greatest common factor of 49 and 3634309.
7
What is the greatest common divisor of 368 and 7159532?
92
Calculate the greatest common factor of 11995307 and 746.
373
Calculate the greatest common factor of 6049845 and 4893.
699
What is the greatest common factor of 2381518 and 3806?
346
What is the greatest common factor of 552 and 327612?
276
What is the greatest common divisor of 111129765 and 255?
255
What is the greatest common factor of 2500 and 901300?
100
What is the highest common divisor of 958635 and 7605?
45
Calculate the greatest common divisor of 75343092 and 660.
132
What is the highest common factor of 46232 and 437227582?
11558
Calculate the greatest common divisor of 559487 and 2176.
17
Calculate the greatest common divisor of 1425600 and 75900.
3300
What is the highest common factor of 128 and 123164?
4
What is the highest common factor of 3577 and 1128176?
49
What is the highest common divisor of 14904320 and 224?
32
What is the greatest common divisor of 456 and 638532582?
114
What is the greatest common factor of 826493 and 2?
1
What is the greatest common divisor of 53845 and 101640?
605
What is the greatest common factor of 138996 and 47346?
78
Calculate the highest common divisor of 63723 and 8679.
33
What is the greatest common divisor of 234127800 and 32661?
1719
What is the greatest common factor of 9458375 and 2125?
2125
Calculate the highest common factor of 27156645 and 33180.
1185
Calculate the highest common divisor of 22763 and 18070320.
1751
Calculate the highest common factor of 1800 and 31144400.
200
Calculate the highest common divisor of 205 and 90975433.
41
What is the highest common factor of 2868 and 32260?
4
What is the greatest common factor of 25330 and 244360?
1490
Calculate the highest common factor of 607608 and 45.
9
Calculate the highest common divisor of 1248 and 16292016.
624
Calculate the greatest common factor of 51354 and 143284.
634
What is the highest common factor of 139264 and 79152?
272
What is the greatest common factor of 1085114804 and 344?
172
What is the highest common factor of 100 and 5729025?
25
What is the greatest common factor of 37074933 and 9?
9
What is the greatest common divisor of 1998091420 and 299?
299
What is the highest common divisor of 12716 and 314347?
187
Calculate the highest common divisor of 58817532 and 5356.
412
Calculate the highest common divisor of 2351 and 793909190.
2351
Calculate the highest common factor of 16908 and 10752.
12
What is the greatest common divisor of 8463 and 288132?
39
Calculate the highest common factor of 70 and 52971090.
10
What is the highest common divisor of 963157 and 1118?
559
What is the greatest common divisor of 288357825 and 35700?
8925
Calculate the highest common divisor of 83603362 and 3778.
3778
What is the greatest common divisor of 1422 and 3989412?
18
Calculate the highest common factor of 990 and 334420119.
99
What is the highest common factor of 37937984 and 19?
19
Calculate the greatest common divisor of 9592 and 553284.
436
What is the greatest common factor of 13655346 and 783?
87
Calculate the greatest common divisor of 114567678 and 720.
18
Calculate the greatest common factor of 228 and 1575556.
76
Calculate the greatest common divisor of 257898 and 90021.
2433
What is the highest common divisor of 1492 and 8716?
4
Calculate the greatest common divisor of 93534 and 84102.
786
What is the greatest common divisor of 907830 and 45990?
630
What is the greatest common factor of 28 and 1055216?
4
Calculate the greatest common factor of 465190 and 3410.
110
What is the highest common divisor of 22736 and 31320?
232
What is the greatest common factor of 40 and 440521720?
40
What is the highest common divisor of 2727 and 9802959?
303
Calculate the greatest common divisor of 541963179 and 153.
153
Calculate the greatest common divisor of 1817842 and 351.
13
Calculate the greatest common factor of 81 and 161001.
27
Calculate the highest common divisor of 85181 and 245619.
827
What is the greatest common divisor of 18527 and 41322?
97
Calculate the greatest common divisor of 1007618 and 2286.
254
Calculate the highest common divisor of 22846224 and 6798.
618
What is the highest common factor of 15 and 192957801?
3
Calculate the highest common divisor of 1692 and 22284204.
564
Calculate the greatest common factor of 7548 and 50341386.
3774
Calculate the highest common divisor of 72 and 3300063588.
36
Calculate the highest common divisor of 960755 and 24130.
635
Calculate the greatest common divisor of 1509236 and 7180.
1436
What is the highest common divisor of 574616 and 5656?
56
Calculate the highest common divisor of 2184 and 1862566524.
1092
Calculate the highest common factor of 142412 and 652.
4
Calculate the greatest common divisor of 305 and 36505890.
5
Calculate the greatest common factor of 5254149 and 40338.
249
Calculate the highest common divisor of 17379 and 75213.
9
Calculate the greatest common factor of 5202192 and 7680.
48
Calculate the greatest common factor of 3299179 and 471713.
703
What is the highest common factor of 70398927 and 369?
369
What is the greatest common divisor of 187693 and 1133?
11
Calculate the greatest common divisor of 9416346 and 162.
6
Calculate the greatest common divisor of 225 and 14880825.
225
Calculate the highest common factor of 2500 and 1986738750.
1250
Calculate the highest common factor of 258044 and 177568.
124
Calculate the highest common divisor of 280 and 138706820.
140
Calculate the highest common divisor of 2 and 2690413.
1
What is the greatest common divisor of 2419 and 20541205?
41
What is the greatest common divisor of 3544 and 412538434?
886
What is the greatest common factor of 32 and 22237424?
16
What is the highest common factor of 1371294 and 32364?
522
Calculate the highest common facto